{"id":158,"date":"2014-06-25T18:14:41","date_gmt":"2014-06-25T16:14:41","guid":{"rendered":"http:\/\/bkmbergen.no\/2013\/?page_id=158"},"modified":"2014-12-10T20:00:55","modified_gmt":"2014-12-10T19:00:55","slug":"brunstad-konferansesenter","status":"publish","type":"page","link":"https:\/\/bkmbergen.no\/2013\/brunstad-konferansesenter\/","title":{"rendered":"Brunstad Konferansesenter"},"content":{"rendered":"<div id=\"attachment_255\" style=\"width: 690px\" class=\"wp-caption alignnone\"><img aria-describedby=\"caption-attachment-255\" decoding=\"async\" loading=\"lazy\" class=\"wp-image-255 size-full\" src=\"http:\/\/bkmbergen.no\/2013\/wp-content\/uploads\/sites\/3\/2014\/06\/Rovena-Karina-Karethe-og-Viktoria-e1408038740146.jpg\" alt=\"Nyter en varm suppe utenfor Brunstad Konferansesenter\" width=\"680\" height=\"453\" \/><p id=\"caption-attachment-255\" class=\"wp-caption-text\">Nyter en varm suppe utenfor Brunstad Konferansesenter<\/p><\/div>\n<h1 class=\"p1\">Brunstad Konferansesenter<\/h1>\n<p class=\"p1\"><span class=\"s1\">BKM Bergen har lang tradisjon for \u00e5 delta i arrangementer p\u00e5 BCCs konferansesenter p\u00e5 Brunstad i Stokke kommune i Vestfold.. Vi f\u00f8ler en sterk entusiasme for dette stedet, og har v\u00e6rt engasjert der helt fra det ble kj\u00f8pt i 1956. Flere av oss har deltatt p\u00e5 alle sommerstevner der siden f\u00f8rste stevne i juli 1957. Senteret eies og forvaltes i dag av Stiftelsen Brunstad Konferansesenter. Medlemmene i BKM Bergen deltok i 2013 p\u00e5 alle de internasjonale konferansene som ble arrangert av BCC p\u00e5 Brunstad.<\/span><\/p>\n<p class=\"p1\"><span class=\"s1\">Under konferansen\u00a0i juli 2013 hadde BKM Bergen ansvaret for <a title=\"Barn i BKM Bergen\" href=\"http:\/\/bkmbergen.no\/2013\/en-levende-sondagsskole\/\">barnelekene p\u00e5\u00a0barnekonferansen<\/a>.<\/span><\/p>\n<div id=\"attachment_145\" style=\"width: 1034px\" class=\"wp-caption alignnone\"><img aria-describedby=\"caption-attachment-145\" decoding=\"async\" loading=\"lazy\" class=\"wp-image-145 size-full\" src=\"http:\/\/bkmbergen.no\/2013\/wp-content\/uploads\/sites\/3\/2014\/06\/selene-steinar-h\u00e5vard-andreas_23-7-2013.jpg\" alt=\"&quot;Selbowling&quot; under barnelekene p\u00e5 Brunstad.\" width=\"1024\" height=\"683\" srcset=\"https:\/\/bkmbergen.no\/2013\/wp-content\/uploads\/sites\/3\/2014\/06\/selene-steinar-h\u00e5vard-andreas_23-7-2013.jpg 1024w, https:\/\/bkmbergen.no\/2013\/wp-content\/uploads\/sites\/3\/2014\/06\/selene-steinar-h\u00e5vard-andreas_23-7-2013-300x200.jpg 300w\" sizes=\"(max-width: 1024px) 100vw, 1024px\" \/><p id=\"caption-attachment-145\" class=\"wp-caption-text\">&laquo;Selbowling&raquo; under barnelekene p\u00e5 Brunstad.<\/p><\/div>\n<p class=\"p1\"><span class=\"s1\">Brunstad har i dag mange fasiliteter, men muligheten for \u00e5 drive idrett og kroppslige aktiviteter er forholdsvis begrenset. For mange barn og unge har nok dette v\u00e6rt et savn.\u00a0<\/span>Stiftelsen har i sine utbyggingsplaner for Brunstad f\u00e5tt rammer til \u00e5 etablere et omfattende idretts- og aktivitetstilbud. BKM Bergen har gjennom BCC signalisert at vi vil v\u00e6re leietaker av fasilitetene. P\u00e5 idrettsanlegget vil det bli anlagt flotte fasiliteter; fotballbaner, flerbrukshall, ishockeyhall og sv\u00f8mmeanlegg. Disse anleggene vil bli ferdigstilt i \u00e5rene 2016 \u2013 2020.<\/p>\n","protected":false},"excerpt":{"rendered":"<p>Brunstad Konferansesenter BKM Bergen har lang tradisjon for \u00e5 delta i arrangementer p\u00e5 BCCs konferansesenter p\u00e5 Brunstad i Stokke kommune i Vestfold.. Vi f\u00f8ler en sterk entusiasme for dette stedet, og har v\u00e6rt engasjert der helt fra det ble kj\u00f8pt i 1956. Flere av oss har deltatt p\u00e5 alle sommerstevner der siden f\u00f8rste stevne i juli 1957. Senteret eies og forvaltes i dag av Stiftelsen Brunstad Konferansesenter. Medlemmene i BKM Bergen deltok i 2013 p\u00e5 alle de internasjonale konferansene som&hellip;<\/p>\n","protected":false},"author":2,"featured_media":0,"parent":0,"menu_order":0,"comment_status":"open","ping_status":"open","template":"","meta":[],"categories":[],"tags":[],"_links":{"self":[{"href":"https:\/\/bkmbergen.no\/2013\/wp-json\/wp\/v2\/pages\/158"}],"collection":[{"href":"https:\/\/bkmbergen.no\/2013\/wp-json\/wp\/v2\/pages"}],"about":[{"href":"https:\/\/bkmbergen.no\/2013\/wp-json\/wp\/v2\/types\/page"}],"author":[{"embeddable":true,"href":"https:\/\/bkmbergen.no\/2013\/wp-json\/wp\/v2\/users\/2"}],"replies":[{"embeddable":true,"href":"https:\/\/bkmbergen.no\/2013\/wp-json\/wp\/v2\/comments?post=158"}],"version-history":[{"count":11,"href":"https:\/\/bkmbergen.no\/2013\/wp-json\/wp\/v2\/pages\/158\/revisions"}],"predecessor-version":[{"id":536,"href":"https:\/\/bkmbergen.no\/2013\/wp-json\/wp\/v2\/pages\/158\/revisions\/536"}],"wp:attachment":[{"href":"https:\/\/bkmbergen.no\/2013\/wp-json\/wp\/v2\/media?parent=158"}],"wp:term":[{"taxonomy":"category","embeddable":true,"href":"https:\/\/bkmbergen.no\/2013\/wp-json\/wp\/v2\/categories?post=158"},{"taxonomy":"post_tag","embeddable":true,"href":"https:\/\/bkmbergen.no\/2013\/wp-json\/wp\/v2\/tags?post=158"}],"curies":[{"name":"wp","href":"https:\/\/api.w.org\/{rel}","templated":true}]}}