{"id":20,"date":"2017-08-20T20:47:36","date_gmt":"2017-08-20T18:47:36","guid":{"rendered":"http:\/\/bkmbergen.no\/2016\/?page_id=20"},"modified":"2017-08-21T20:42:58","modified_gmt":"2017-08-21T18:42:58","slug":"turer-og-arrangementer","status":"publish","type":"page","link":"https:\/\/bkmbergen.no\/2016\/turer-og-arrangementer\/","title":{"rendered":"Turer og arrangementer"},"content":{"rendered":"<p>Gjennom \u00e5ret deltok ungdommen p\u00e5 en rekke arrangementer, turer og fester. Som en start p\u00e5 det nye \u00e5ret, ble det arrangert to aktivitetshelger, en for gutter og en for jenter.<\/p>\n<p>I mai dro en gruppe gutter p\u00e5 tur til M\u00e5l\u00f8y for \u00e5 treffe venner fra andre lokalmenigheter. I tillegg til trosoppbyggelse var det lagt til rette for sportsaktiviteter, sightseeing i omr\u00e5det og fjelltur.<\/p>\n<p><img decoding=\"async\" loading=\"lazy\" class=\"alignnone size-full wp-image-89\" src=\"http:\/\/bkmbergen.no\/2016\/wp-content\/uploads\/sites\/6\/2017\/08\/Tur.jpg\" alt=\"\" width=\"2000\" height=\"849\" srcset=\"https:\/\/bkmbergen.no\/2016\/wp-content\/uploads\/sites\/6\/2017\/08\/Tur.jpg 2000w, https:\/\/bkmbergen.no\/2016\/wp-content\/uploads\/sites\/6\/2017\/08\/Tur-300x127.jpg 300w, https:\/\/bkmbergen.no\/2016\/wp-content\/uploads\/sites\/6\/2017\/08\/Tur-768x326.jpg 768w, https:\/\/bkmbergen.no\/2016\/wp-content\/uploads\/sites\/6\/2017\/08\/Tur-1024x435.jpg 1024w\" sizes=\"(max-width: 2000px) 100vw, 2000px\" \/><\/p>\n<p>Like f\u00f8r de fleste satt i gang med et nytt skole- og arbeids\u00e5r i august, arrangerte jentene i ungdomsgruppen et \u00abBack to business party\u00bb. I tillegg til underholdning og leker og kunne jentene forsyne seg fra et klesbyttemarked, best\u00e5ende av kl\u00e6r og sko som de selv hadde donert.<\/p>\n<p>Ungdomsjulebordet 2016 ble en festlig aff\u00e6re. Vakre juletoner og live-musikk bidro til \u00e5 sette den rette julestemningen. Festsalen var delikat pyntet i iskald vinterglamour, og de runde bordene innb\u00f8d til gode samtaler. Kvelden var fylt med trosoppbyggelse, underholdning og velsmakende julemat. Da kvelden gikk mot slutten, gikk ungdommene p\u00e5 gavejakt under juletreet for \u00e5 finne sin personlige julegave.<\/p>\n<p><img decoding=\"async\" loading=\"lazy\" class=\"alignnone size-full wp-image-88\" src=\"http:\/\/bkmbergen.no\/2016\/wp-content\/uploads\/sites\/6\/2017\/08\/Julebord.jpg\" alt=\"\" width=\"2000\" height=\"1086\" srcset=\"https:\/\/bkmbergen.no\/2016\/wp-content\/uploads\/sites\/6\/2017\/08\/Julebord.jpg 2000w, https:\/\/bkmbergen.no\/2016\/wp-content\/uploads\/sites\/6\/2017\/08\/Julebord-300x163.jpg 300w, https:\/\/bkmbergen.no\/2016\/wp-content\/uploads\/sites\/6\/2017\/08\/Julebord-768x417.jpg 768w, https:\/\/bkmbergen.no\/2016\/wp-content\/uploads\/sites\/6\/2017\/08\/Julebord-1024x556.jpg 1024w\" sizes=\"(max-width: 2000px) 100vw, 2000px\" \/><\/p>\n","protected":false},"excerpt":{"rendered":"<p>Gjennom \u00e5ret deltok ungdommen p\u00e5 en rekke arrangementer, turer og fester. Som en start p\u00e5 det nye \u00e5ret, ble det arrangert to aktivitetshelger, en for gutter og en for jenter. I mai dro en gruppe gutter p\u00e5 tur til M\u00e5l\u00f8y for \u00e5 treffe venner fra andre lokalmenigheter. I tillegg til trosoppbyggelse var det lagt til rette for sportsaktiviteter, sightseeing i omr\u00e5det og fjelltur. Like f\u00f8r de fleste satt i gang med et nytt skole- og arbeids\u00e5r i august, arrangerte jentene&hellip;<\/p>\n","protected":false},"author":3,"featured_media":0,"parent":0,"menu_order":0,"comment_status":"closed","ping_status":"closed","template":"","meta":[],"categories":[],"tags":[],"_links":{"self":[{"href":"https:\/\/bkmbergen.no\/2016\/wp-json\/wp\/v2\/pages\/20"}],"collection":[{"href":"https:\/\/bkmbergen.no\/2016\/wp-json\/wp\/v2\/pages"}],"about":[{"href":"https:\/\/bkmbergen.no\/2016\/wp-json\/wp\/v2\/types\/page"}],"author":[{"embeddable":true,"href":"https:\/\/bkmbergen.no\/2016\/wp-json\/wp\/v2\/users\/3"}],"replies":[{"embeddable":true,"href":"https:\/\/bkmbergen.no\/2016\/wp-json\/wp\/v2\/comments?post=20"}],"version-history":[{"count":2,"href":"https:\/\/bkmbergen.no\/2016\/wp-json\/wp\/v2\/pages\/20\/revisions"}],"predecessor-version":[{"id":90,"href":"https:\/\/bkmbergen.no\/2016\/wp-json\/wp\/v2\/pages\/20\/revisions\/90"}],"wp:attachment":[{"href":"https:\/\/bkmbergen.no\/2016\/wp-json\/wp\/v2\/media?parent=20"}],"wp:term":[{"taxonomy":"category","embeddable":true,"href":"https:\/\/bkmbergen.no\/2016\/wp-json\/wp\/v2\/categories?post=20"},{"taxonomy":"post_tag","embeddable":true,"href":"https:\/\/bkmbergen.no\/2016\/wp-json\/wp\/v2\/tags?post=20"}],"curies":[{"name":"wp","href":"https:\/\/api.w.org\/{rel}","templated":true}]}}