{"id":24,"date":"2017-08-20T20:50:51","date_gmt":"2017-08-20T18:50:51","guid":{"rendered":"http:\/\/bkmbergen.no\/2016\/?page_id=24"},"modified":"2017-08-23T21:17:54","modified_gmt":"2017-08-23T19:17:54","slug":"studio","status":"publish","type":"page","link":"https:\/\/bkmbergen.no\/2016\/studio\/","title":{"rendered":"Studio"},"content":{"rendered":"<p>Sommeren 2016 sto et splitter nytt studio for sang og musikkproduksjon klart p\u00e5 Panorama Hotell og Resort. Her har BKM-Bergen sikret seg en langsiktig leieavtale.\u00a0I BKM Bergen er det en gruppe unge og voksne som brenner for \u00e5 lage og formidle god musikk. Disse har i en \u00e5rrekke holdt til i provisoriske studioer rundt om i hjem og garasjer. Gleden over \u00e5 endelig f\u00e5 et skikkelig sted \u00e5 v\u00e6re var derfor stor. Det nye studioet er ikke bare velutstyrt, men har ogs\u00e5 mye plass til sosialt samv\u00e6r.\u00a0\u00a0Flere kvelder i uken jobber musikkprodusenter og vokalister med \u00e5 produsere musikk som legges ut p\u00e5 MP3-kilden. Noe av musikken legges ogs\u00e5 ut p\u00e5 Spotify.\u00a0En dag i uken benyttes studio til \u00f8ving for koret SeaSound, hvor de \u00f8ver inn korarrangement til diverse konserter og fester.<\/p>\n<p><img decoding=\"async\" loading=\"lazy\" class=\"alignnone wp-image-71 size-full\" src=\"http:\/\/bkmbergen.no\/2016\/wp-content\/uploads\/sites\/6\/2017\/08\/studio.jpg\" alt=\"\" width=\"1013\" height=\"424\" srcset=\"https:\/\/bkmbergen.no\/2016\/wp-content\/uploads\/sites\/6\/2017\/08\/studio.jpg 1013w, https:\/\/bkmbergen.no\/2016\/wp-content\/uploads\/sites\/6\/2017\/08\/studio-300x126.jpg 300w, https:\/\/bkmbergen.no\/2016\/wp-content\/uploads\/sites\/6\/2017\/08\/studio-768x321.jpg 768w\" sizes=\"(max-width: 1013px) 100vw, 1013px\" \/><\/p>\n<p>Fra september 2016 har MP3-kilden hatt et nytt innslag. Hver morgen, fra mandag til fredag, legges det ut et lydspor med oppmuntrende ord til ungdom. Til disse sekvensene skal det ogs\u00e5 produseres musikk, og dette\u00a0 jobbes det kontinuerlig med i studio. Vi har som m\u00e5l at musikken skal holde en h\u00f8y profesjonell standard.\u00a0F\u00f8r den legges ut p\u00e5 BMM, er det en lang prosess som m\u00e5 f\u00f8lges. Det skal lages arrangement, musikken m\u00e5 spilles inn, vokalen tas opp, det m\u00e5 mikses, og til slutt skal den tone- og volumjusteres. Det er viktig at musikken er behagelig \u00e5 h\u00f8re p\u00e5, at lytterne ikke blir forstyrret av skurrende instrument eller falske toner.<\/p>\n<p>I studio m\u00f8tes ungdom som har s\u00e6rlig interesse for sang og musikk, hvor de f\u00e5r utfolde sine kreative evner. Dette arbeidet kan man si gir dobbel glede. F\u00f8rst for de som brenner for musikken, og deretter for lytterne.<\/p>\n<p><img decoding=\"async\" loading=\"lazy\" class=\"alignnone size-full wp-image-73\" src=\"http:\/\/bkmbergen.no\/2016\/wp-content\/uploads\/sites\/6\/2017\/08\/Kor.jpg\" alt=\"\" width=\"1632\" height=\"488\" srcset=\"https:\/\/bkmbergen.no\/2016\/wp-content\/uploads\/sites\/6\/2017\/08\/Kor.jpg 1632w, https:\/\/bkmbergen.no\/2016\/wp-content\/uploads\/sites\/6\/2017\/08\/Kor-300x90.jpg 300w, https:\/\/bkmbergen.no\/2016\/wp-content\/uploads\/sites\/6\/2017\/08\/Kor-768x230.jpg 768w, https:\/\/bkmbergen.no\/2016\/wp-content\/uploads\/sites\/6\/2017\/08\/Kor-1024x306.jpg 1024w\" sizes=\"(max-width: 1632px) 100vw, 1632px\" \/><\/p>\n<p><a href=\"http:\/\/bkmbergen.no\/2016\/wp-content\/uploads\/sites\/6\/2017\/08\/Kj\u00e6re-Jesus-l\u00e6r-meg.mp3\">Her kan du laste ned en sang som er produsert i v\u00e5rt nye studio<\/a>.<\/p>\n","protected":false},"excerpt":{"rendered":"<p>Sommeren 2016 sto et splitter nytt studio for sang og musikkproduksjon klart p\u00e5 Panorama Hotell og Resort. Her har BKM-Bergen sikret seg en langsiktig leieavtale.\u00a0I BKM Bergen er det en gruppe unge og voksne som brenner for \u00e5 lage og formidle god musikk. Disse har i en \u00e5rrekke holdt til i provisoriske studioer rundt om i hjem og garasjer. Gleden over \u00e5 endelig f\u00e5 et skikkelig sted \u00e5 v\u00e6re var derfor stor. Det nye studioet er ikke bare velutstyrt, men&hellip;<\/p>\n","protected":false},"author":3,"featured_media":0,"parent":0,"menu_order":0,"comment_status":"closed","ping_status":"closed","template":"","meta":[],"categories":[],"tags":[],"_links":{"self":[{"href":"https:\/\/bkmbergen.no\/2016\/wp-json\/wp\/v2\/pages\/24"}],"collection":[{"href":"https:\/\/bkmbergen.no\/2016\/wp-json\/wp\/v2\/pages"}],"about":[{"href":"https:\/\/bkmbergen.no\/2016\/wp-json\/wp\/v2\/types\/page"}],"author":[{"embeddable":true,"href":"https:\/\/bkmbergen.no\/2016\/wp-json\/wp\/v2\/users\/3"}],"replies":[{"embeddable":true,"href":"https:\/\/bkmbergen.no\/2016\/wp-json\/wp\/v2\/comments?post=24"}],"version-history":[{"count":5,"href":"https:\/\/bkmbergen.no\/2016\/wp-json\/wp\/v2\/pages\/24\/revisions"}],"predecessor-version":[{"id":125,"href":"https:\/\/bkmbergen.no\/2016\/wp-json\/wp\/v2\/pages\/24\/revisions\/125"}],"wp:attachment":[{"href":"https:\/\/bkmbergen.no\/2016\/wp-json\/wp\/v2\/media?parent=24"}],"wp:term":[{"taxonomy":"category","embeddable":true,"href":"https:\/\/bkmbergen.no\/2016\/wp-json\/wp\/v2\/categories?post=24"},{"taxonomy":"post_tag","embeddable":true,"href":"https:\/\/bkmbergen.no\/2016\/wp-json\/wp\/v2\/tags?post=24"}],"curies":[{"name":"wp","href":"https:\/\/api.w.org\/{rel}","templated":true}]}}