{"id":26,"date":"2017-08-20T20:51:45","date_gmt":"2017-08-20T18:51:45","guid":{"rendered":"http:\/\/bkmbergen.no\/2016\/?page_id=26"},"modified":"2017-08-21T20:24:02","modified_gmt":"2017-08-21T18:24:02","slug":"aktivitet-pa-brunstad-2016","status":"publish","type":"page","link":"https:\/\/bkmbergen.no\/2016\/aktivitet-pa-brunstad-2016\/","title":{"rendered":"V\u00e5r aktivitet p\u00e5 Brunstad i 2016"},"content":{"rendered":"<p>Igjennom 2016 har b\u00e5de unge og eldre medlemmer i BKM Bergen deltatt p\u00e5 mange forskjellige\u00a0aktiviteter\u00a0i regi av Brunstad Christian Church, p\u00e5 Brunstad i Vestfold.\u00a0I overkant av 500 medlemmer fra BKM Bergen deltok p\u00e5 sommerkonferansen som fant sted i juli.\u00a0 I tillegg til m\u00f8ter med trosoppbyggelse kunne medlemmene delta i diverse sportsaktiviteter, idrettsturneringer og barneleker.<\/p>\n<p>P\u00e5skecampen, som ble arrangert f\u00f8r den \u00e5rlige p\u00e5skekonferansen, var et av \u00e5rets store h\u00f8ydepunkt for ungdommene. Her deltok ungdommene i blant annet sportsaktiviteter, tegnekurs, kakekurs og lanparty. Campen ble avsluttet med en gallakveld.<\/p>\n<p><img decoding=\"async\" loading=\"lazy\" class=\"alignnone size-full wp-image-79\" src=\"http:\/\/bkmbergen.no\/2016\/wp-content\/uploads\/sites\/6\/2017\/08\/Brunstad.jpg\" alt=\"\" width=\"1280\" height=\"713\" srcset=\"https:\/\/bkmbergen.no\/2016\/wp-content\/uploads\/sites\/6\/2017\/08\/Brunstad.jpg 1280w, https:\/\/bkmbergen.no\/2016\/wp-content\/uploads\/sites\/6\/2017\/08\/Brunstad-300x167.jpg 300w, https:\/\/bkmbergen.no\/2016\/wp-content\/uploads\/sites\/6\/2017\/08\/Brunstad-768x428.jpg 768w, https:\/\/bkmbergen.no\/2016\/wp-content\/uploads\/sites\/6\/2017\/08\/Brunstad-1024x570.jpg 1024w\" sizes=\"(max-width: 1280px) 100vw, 1280px\" \/><\/p>\n<p>&nbsp;<\/p>\n","protected":false},"excerpt":{"rendered":"<p>Igjennom 2016 har b\u00e5de unge og eldre medlemmer i BKM Bergen deltatt p\u00e5 mange forskjellige\u00a0aktiviteter\u00a0i regi av Brunstad Christian Church, p\u00e5 Brunstad i Vestfold.\u00a0I overkant av 500 medlemmer fra BKM Bergen deltok p\u00e5 sommerkonferansen som fant sted i juli.\u00a0 I tillegg til m\u00f8ter med trosoppbyggelse kunne medlemmene delta i diverse sportsaktiviteter, idrettsturneringer og barneleker. P\u00e5skecampen, som ble arrangert f\u00f8r den \u00e5rlige p\u00e5skekonferansen, var et av \u00e5rets store h\u00f8ydepunkt for ungdommene. Her deltok ungdommene i blant annet sportsaktiviteter, tegnekurs, kakekurs og&hellip;<\/p>\n","protected":false},"author":3,"featured_media":0,"parent":0,"menu_order":0,"comment_status":"closed","ping_status":"closed","template":"","meta":[],"categories":[],"tags":[],"_links":{"self":[{"href":"https:\/\/bkmbergen.no\/2016\/wp-json\/wp\/v2\/pages\/26"}],"collection":[{"href":"https:\/\/bkmbergen.no\/2016\/wp-json\/wp\/v2\/pages"}],"about":[{"href":"https:\/\/bkmbergen.no\/2016\/wp-json\/wp\/v2\/types\/page"}],"author":[{"embeddable":true,"href":"https:\/\/bkmbergen.no\/2016\/wp-json\/wp\/v2\/users\/3"}],"replies":[{"embeddable":true,"href":"https:\/\/bkmbergen.no\/2016\/wp-json\/wp\/v2\/comments?post=26"}],"version-history":[{"count":4,"href":"https:\/\/bkmbergen.no\/2016\/wp-json\/wp\/v2\/pages\/26\/revisions"}],"predecessor-version":[{"id":80,"href":"https:\/\/bkmbergen.no\/2016\/wp-json\/wp\/v2\/pages\/26\/revisions\/80"}],"wp:attachment":[{"href":"https:\/\/bkmbergen.no\/2016\/wp-json\/wp\/v2\/media?parent=26"}],"wp:term":[{"taxonomy":"category","embeddable":true,"href":"https:\/\/bkmbergen.no\/2016\/wp-json\/wp\/v2\/categories?post=26"},{"taxonomy":"post_tag","embeddable":true,"href":"https:\/\/bkmbergen.no\/2016\/wp-json\/wp\/v2\/tags?post=26"}],"curies":[{"name":"wp","href":"https:\/\/api.w.org\/{rel}","templated":true}]}}