{"id":18,"date":"2018-06-23T14:26:01","date_gmt":"2018-06-23T12:26:01","guid":{"rendered":"http:\/\/bkmbergen.no\/2017\/?page_id=18"},"modified":"2018-08-18T10:37:14","modified_gmt":"2018-08-18T08:37:14","slug":"seniorleder","status":"publish","type":"page","link":"https:\/\/bkmbergen.no\/2017\/seniorleder\/","title":{"rendered":"Seniorleder"},"content":{"rendered":"<p><img decoding=\"async\" loading=\"lazy\" class=\"size-full wp-image-91 alignleft\" src=\"http:\/\/bkmbergen.no\/2017\/wp-content\/uploads\/sites\/7\/2018\/08\/Eva.jpg\" alt=\"\" width=\"453\" height=\"340\" srcset=\"https:\/\/bkmbergen.no\/2017\/wp-content\/uploads\/sites\/7\/2018\/08\/Eva.jpg 453w, https:\/\/bkmbergen.no\/2017\/wp-content\/uploads\/sites\/7\/2018\/08\/Eva-300x225.jpg 300w\" sizes=\"(max-width: 453px) 100vw, 453px\" \/>Eva Holm Andersen har v\u00e6rt en aktiv dame hele livet. Etter \u00e5 ha fostret opp en barneflokk og \u00e5 ha v\u00e6rt yrkesaktiv til pensjonsalderen n\u00e5dde henne, skulle en tro hun var klar for \u00e5 nyte pensjonisttilv\u00e6relsen. Men der er ikke Eva, eller det vil si, hun nyter tilv\u00e6relsen p\u00e5 sin m\u00e5te. Hun liker seg best der det skjer noe, og hun er b\u00e5de nytenkende og impulsiv i sin gjerning som leder for seniortreffet.<\/p>\n<p>BCC- Bergen startet opp med seniortreff i \u00e5r 2000. Siden den gang har b\u00e5de fasiliteter og innhold endret seg.<\/p>\n<p>Det er ca. 45 eldre i BCC-Bergen som jevnlig samles til seniortreff. En gang i m\u00e5neden er det en fast samling, men med Eva sin impulsivitet kan det fort bli b\u00e5de to og tre aktiviteter i l\u00f8pet av m\u00e5neden. \u00abHer i Bergen kan man ikke planlegge en tur og satse p\u00e5 fint v\u00e6r. Den dagen solen skinner, sier hun og ler, er det bare \u00e5 hive seg p\u00e5 telefonen og sende rundt melding p\u00e5 telegram om at det blir b\u00e5ttur\u00bb. Det er lett \u00e5 forst\u00e5 at Eva er en litt over gjennomsnittet forovervendt dame i 70 \u00e5rene, for mange i den alderen har telegram en helt annen betydning.<\/p>\n<p>\u00abJeg er selv en frisk og aktiv person som f\u00f8ler jeg har mye energi og opplever en stor glede ved \u00e5 engasjere meg i dette arbeidet. Eldre mennesker er opptatt av god livskvalitet. Det \u00e5 oppleve samhold og fellesskap gjennom aktiviteter er noe som verdsettes h\u00f8yt\u00bb. Det er lett \u00e5 tro Eva n\u00e5r hun sier dette, hun formelig lyser av energi.<\/p>\n<p>\u00abMange er friske og har mye energi\u00bb, forteller Eva. \u00abAndre er tr\u00f8tt og sliter med helsen. Her kommer alle som de er, og de spreke hjelper de mindre spreke. Det er viktig at alle blir sett og kjenner tilh\u00f8righet i et inkluderende felleskap\u00bb.<\/p>\n<p>Videre presiserer hun at ikke alt er basert p\u00e5 impulsivitet. \u00abDe faste samlingene planlegges i god tid slik at det blir et mangfold gjennom \u00e5ret, og at aktiviteter blir varierte, og passer for alle\u00bb.<\/p>\n<p>Eva opplever at det har v\u00e6rt en endring i samfunnet blant de eldre. Der det tidligere var stort fokus p\u00e5 at de eldre m\u00e5tte spare for \u00e5 ha st\u00f8rst mulig arv til barna, er det n\u00e5 mange eldre som sier at barna oppmuntrer dem til \u00e5 bruke penger p\u00e5 egne opplevelser. Den engasjerte seniorlederen avslutter med at hun h\u00e5per \u00e5 kunne holde p\u00e5 med dette givende arbeidet i mange \u00e5r framover, og det vet vi at det er 45 andre som ogs\u00e5 h\u00e5per p\u00e5.<\/p>\n","protected":false},"excerpt":{"rendered":"<p>Eva Holm Andersen har v\u00e6rt en aktiv dame hele livet. Etter \u00e5 ha fostret opp en barneflokk og \u00e5 ha v\u00e6rt yrkesaktiv til pensjonsalderen n\u00e5dde henne, skulle en tro hun var klar for \u00e5 nyte pensjonisttilv\u00e6relsen. Men der er ikke Eva, eller det vil si, hun nyter tilv\u00e6relsen p\u00e5 sin m\u00e5te. Hun liker seg best der det skjer noe, og hun er b\u00e5de nytenkende og impulsiv i sin gjerning som leder for seniortreffet. BCC- Bergen startet opp med seniortreff i&hellip;<\/p>\n","protected":false},"author":3,"featured_media":0,"parent":0,"menu_order":0,"comment_status":"closed","ping_status":"closed","template":"","meta":[],"categories":[],"tags":[],"_links":{"self":[{"href":"https:\/\/bkmbergen.no\/2017\/wp-json\/wp\/v2\/pages\/18"}],"collection":[{"href":"https:\/\/bkmbergen.no\/2017\/wp-json\/wp\/v2\/pages"}],"about":[{"href":"https:\/\/bkmbergen.no\/2017\/wp-json\/wp\/v2\/types\/page"}],"author":[{"embeddable":true,"href":"https:\/\/bkmbergen.no\/2017\/wp-json\/wp\/v2\/users\/3"}],"replies":[{"embeddable":true,"href":"https:\/\/bkmbergen.no\/2017\/wp-json\/wp\/v2\/comments?post=18"}],"version-history":[{"count":3,"href":"https:\/\/bkmbergen.no\/2017\/wp-json\/wp\/v2\/pages\/18\/revisions"}],"predecessor-version":[{"id":93,"href":"https:\/\/bkmbergen.no\/2017\/wp-json\/wp\/v2\/pages\/18\/revisions\/93"}],"wp:attachment":[{"href":"https:\/\/bkmbergen.no\/2017\/wp-json\/wp\/v2\/media?parent=18"}],"wp:term":[{"taxonomy":"category","embeddable":true,"href":"https:\/\/bkmbergen.no\/2017\/wp-json\/wp\/v2\/categories?post=18"},{"taxonomy":"post_tag","embeddable":true,"href":"https:\/\/bkmbergen.no\/2017\/wp-json\/wp\/v2\/tags?post=18"}],"curies":[{"name":"wp","href":"https:\/\/api.w.org\/{rel}","templated":true}]}}