{"id":6,"date":"2020-08-09T12:20:52","date_gmt":"2020-08-09T10:20:52","guid":{"rendered":"https:\/\/bkmbergen.no\/arsrapport2019\/?page_id=6"},"modified":"2020-08-09T12:20:52","modified_gmt":"2020-08-09T10:20:52","slug":"styrets-beretning","status":"publish","type":"page","link":"https:\/\/bkmbergen.no\/2019\/styrets-beretning\/","title":{"rendered":"Styrets beretning"},"content":{"rendered":"\n<p>\u00c5ret 2019 har g\u00e5tt inn i historien, og vi ser tilbake p\u00e5 et \u00e5r med h\u00f8yt aktivitetsniv\u00e5 i foreningen BKM -Bergen. Det er gledelig \u00e5 se at medlemmene stadig holder fram med frivillighet i form av arbeidsinnsats og gaver, noe som betyr mye for at vi kan opprettholde et bredt utvalg av tilbud til medlemmer i alle aldre.\u00a0<\/p>\n\n\n\n<p>V\u00e5r kristne tro er grunnlaget i all v\u00e5r virksomhet, og fellesskapet i troen er det som knytter oss sammen. Det er nettopp dette fellesskapet som gj\u00f8r at vi har et sterkt \u00f8nske om \u00e5 samles, b\u00e5de lokalt og p\u00e5 internasjonale arrangement sammen med andre BCC-medlemmer fra inn- og utland.<\/p>\n\n\n\n<p>BKM Bergen deltar p\u00e5 en rekke konferanser i regi av BCC gjennom \u00e5ret, der trosoppbyggelse st\u00e5r i h\u00f8ysetet. Nytt i 2019 var satsingen p\u00e5 ungdomscamper. Tidligere har det blitt avholdt en p\u00e5skecamp i palmehelgen. I 2019 ble dette tilbudet utvidet til hele fire camper i \u00e5ret; P\u00e5ske-, sommer-, h\u00f8st- og romjulscamp.&nbsp;<\/p>\n\n\n\n<p>Vi opplever tro p\u00e5 fremtiden, og er en stadig voksende organisasjon. Med det \u00f8ker behovet for kompetanseheving i foreningsdrift. Gjennom \u00e5ret har BKM Bergen sendt deltakere p\u00e5 kurs innenfor flere fagomr\u00e5der med temaer som \u00f8konomi, regnskap, kommunikasjon og forebyggende barne- og ungdomsarbeid. Vi har ogs\u00e5 i \u00e5r sendt deltakere p\u00e5 seminaret \u201cTrygge barn- de voksnes ansvar\u201d, som er et program som arbeider mot vold og overgrep, og for at alle barn og ungdom skal f\u00f8le seg inkludert og respektert i v\u00e5re milj\u00f8er.&nbsp;<\/p>\n\n\n\n<p>Vi \u00f8nsker \u00e5 rette en stor takk til alle medlemmer som har lagt ned utallige timer frivillig innsats i v\u00e5r organisasjon, slik at vi kan samles om det kristne budskapet og tilby barn og ungdom trosoppl\u00e6ring og aktivitet. Vi ser fram til \u00e5 fortsette arbeidet i foreningen i \u00e5ret som kommer, og \u00f8nsker&nbsp; videre \u00e5 v\u00e6re en menighet der barn og unge velger \u00e5 bli fordi de finner mening i \u00e5 delta i troens oppgaver.&nbsp;<\/p>\n\n\n\n<p>Mvh. Styret for BKM -Bergen<\/p>\n","protected":false},"excerpt":{"rendered":"<p>\u00c5ret 2019 har g\u00e5tt inn i historien, og vi ser tilbake p\u00e5 et \u00e5r med h\u00f8yt aktivitetsniv\u00e5 i foreningen BKM -Bergen. Det er gledelig \u00e5 se at medlemmene stadig holder fram med frivillighet i form av arbeidsinnsats og gaver, noe som betyr mye for at vi kan opprettholde et bredt utvalg av tilbud til medlemmer i alle aldre.\u00a0 V\u00e5r kristne tro er grunnlaget i all v\u00e5r virksomhet, og fellesskapet i troen er det som knytter oss sammen. Det er nettopp dette fellesskapet som gj\u00f8r at vi har et sterkt \u00f8nske om \u00e5 samles, b\u00e5de lokalt og p\u00e5 internasjonale arrangement sammen\u2026<\/p>\n","protected":false},"author":4,"featured_media":0,"parent":0,"menu_order":0,"comment_status":"closed","ping_status":"closed","template":"","meta":[],"categories":[],"tags":[],"blocksy_meta":{"styles_descriptor":{"styles":{"desktop":"","tablet":"","mobile":""},"google_fonts":[],"version":5}},"_links":{"self":[{"href":"https:\/\/bkmbergen.no\/2019\/wp-json\/wp\/v2\/pages\/6"}],"collection":[{"href":"https:\/\/bkmbergen.no\/2019\/wp-json\/wp\/v2\/pages"}],"about":[{"href":"https:\/\/bkmbergen.no\/2019\/wp-json\/wp\/v2\/types\/page"}],"author":[{"embeddable":true,"href":"https:\/\/bkmbergen.no\/2019\/wp-json\/wp\/v2\/users\/4"}],"replies":[{"embeddable":true,"href":"https:\/\/bkmbergen.no\/2019\/wp-json\/wp\/v2\/comments?post=6"}],"version-history":[{"count":1,"href":"https:\/\/bkmbergen.no\/2019\/wp-json\/wp\/v2\/pages\/6\/revisions"}],"predecessor-version":[{"id":7,"href":"https:\/\/bkmbergen.no\/2019\/wp-json\/wp\/v2\/pages\/6\/revisions\/7"}],"wp:attachment":[{"href":"https:\/\/bkmbergen.no\/2019\/wp-json\/wp\/v2\/media?parent=6"}],"wp:term":[{"taxonomy":"category","embeddable":true,"href":"https:\/\/bkmbergen.no\/2019\/wp-json\/wp\/v2\/categories?post=6"},{"taxonomy":"post_tag","embeddable":true,"href":"https:\/\/bkmbergen.no\/2019\/wp-json\/wp\/v2\/tags?post=6"}],"curies":[{"name":"wp","href":"https:\/\/api.w.org\/{rel}","templated":true}]}}

<p>Året 2019 har gått inn i historien, og vi ser tilbake på et år med høyt aktivitetsnivå i foreningen BKM -Bergen. Det er gledelig å se at medlemmene stadig holder fram med frivillighet i form av arbeidsinnsats og gaver, noe som betyr mye for at vi kan opprettholde et bredt utvalg av tilbud til medlemmer i alle aldre. </p>



<p>Vår kristne tro er grunnlaget i all vår virksomhet, og fellesskapet i troen er det som knytter oss sammen. Det er nettopp dette fellesskapet som gjør at vi har et sterkt ønske om å samles, både lokalt og på internasjonale arrangement sammen med andre BCC-medlemmer fra inn- og utland.</p>



<p>BKM Bergen deltar på en rekke konferanser i regi av BCC gjennom året, der trosoppbyggelse står i høysetet. Nytt i 2019 var satsingen på ungdomscamper. Tidligere har det blitt avholdt en påskecamp i palmehelgen. I 2019 ble dette tilbudet utvidet til hele fire camper i året; Påske-, sommer-, høst- og romjulscamp.&nbsp;</p>



<p>Vi opplever tro på fremtiden, og er en stadig voksende organisasjon. Med det øker behovet for kompetanseheving i foreningsdrift. Gjennom året har BKM Bergen sendt deltakere på kurs innenfor flere fagområder med temaer som økonomi, regnskap, kommunikasjon og forebyggende barne- og ungdomsarbeid. Vi har også i år sendt deltakere på seminaret “Trygge barn- de voksnes ansvar”, som er et program som arbeider mot vold og overgrep, og for at alle barn og ungdom skal føle seg inkludert og respektert i våre miljøer.&nbsp;</p>



<p>Vi ønsker å rette en stor takk til alle medlemmer som har lagt ned utallige timer frivillig innsats i vår organisasjon, slik at vi kan samles om det kristne budskapet og tilby barn og ungdom trosopplæring og aktivitet. Vi ser fram til å fortsette arbeidet i foreningen i året som kommer, og ønsker&nbsp; videre å være en menighet der barn og unge velger å bli fordi de finner mening i å delta i troens oppgaver.&nbsp;</p>



<p>Mvh. Styret for BKM -Bergen</p>

<p>Året 2019 har gått inn i historien, og vi ser tilbake på et år med høyt aktivitetsnivå i foreningen BKM -Bergen. Det er gledelig å se at medlemmene stadig holder fram med frivillighet i form av arbeidsinnsats og gaver, noe som betyr mye for at vi kan opprettholde et bredt utvalg av tilbud til medlemmer i alle aldre.  Vår kristne tro er grunnlaget i all vår virksomhet, og fellesskapet i troen er det som knytter oss sammen. Det er nettopp dette fellesskapet som gjør at vi har et sterkt ønske om å samles, både lokalt og på internasjonale arrangement sammen…</p>
