{"id":69,"date":"2021-06-13T14:44:07","date_gmt":"2021-06-13T12:44:07","guid":{"rendered":"https:\/\/bkmbergen.no\/2020\/?page_id=69"},"modified":"2021-06-13T14:44:07","modified_gmt":"2021-06-13T12:44:07","slug":"seniorgruppe-for-eldre-medlemmer","status":"publish","type":"page","link":"https:\/\/bkmbergen.no\/2020\/seniorgruppe-for-eldre-medlemmer\/","title":{"rendered":"Seniorgruppe for eldre medlemmer"},"content":{"rendered":"\n<p>I BKM Bergen er det 45 deltakere i det vi kaller seniorguppen. Her samles medlemmer i pensjonsalder til jevnlige treff og aktiviteter. I 2020 har dette naturlig nok blitt p\u00e5virket av smitteverntiltak, og treffene har v\u00e6rt b\u00e5de f\u00e6rre og annerledes dette \u00e5ret.&nbsp;&nbsp;<\/p>\n\n\n\n<p>En del av seniorene har m\u00f8ttes ukentlig for felles tur i friluft, mens sangkoret SilverSound har m\u00e5ttet ta en pause av hensyn til smittevern.&nbsp;&nbsp;<\/p>\n\n\n\n<p>Opprinnelig var det planlagt en h\u00f8sttur til Tyskland for denne gruppen, men da det ikke lot seg gjennomf\u00f8re ble det tilrettelagt for et lokalt alternativ. I oktober ble det arrangert en rundtur med overnatting i Hardangerregionen. God mat og drikke i historiske omgivelser, og kristent felleskap blant venner gav p\u00e5fyll og et kj\u00e6rkomment avbrekk i hverdagen.<\/p>\n\n\n\n<div class=\"wp-block-image\"><figure class=\"aligncenter size-large is-resized\"><img decoding=\"async\" loading=\"lazy\" src=\"https:\/\/bkmbergen.no\/2020\/wp-content\/uploads\/sites\/10\/2021\/06\/Bilde1.png\" alt=\"\" class=\"wp-image-70\" width=\"695\" height=\"388\" srcset=\"https:\/\/bkmbergen.no\/2020\/wp-content\/uploads\/sites\/10\/2021\/06\/Bilde1.png 567w, https:\/\/bkmbergen.no\/2020\/wp-content\/uploads\/sites\/10\/2021\/06\/Bilde1-300x168.png 300w\" sizes=\"(max-width: 695px) 100vw, 695px\" \/><\/figure><\/div>\n\n\n\n<div class=\"wp-block-image\"><figure class=\"aligncenter size-large is-resized\"><img decoding=\"async\" loading=\"lazy\" src=\"https:\/\/bkmbergen.no\/2020\/wp-content\/uploads\/sites\/10\/2021\/06\/Bilde2.png\" alt=\"\" class=\"wp-image-71\" width=\"691\" height=\"519\" srcset=\"https:\/\/bkmbergen.no\/2020\/wp-content\/uploads\/sites\/10\/2021\/06\/Bilde2.png 527w, https:\/\/bkmbergen.no\/2020\/wp-content\/uploads\/sites\/10\/2021\/06\/Bilde2-300x225.png 300w\" sizes=\"(max-width: 691px) 100vw, 691px\" \/><\/figure><\/div>\n","protected":false},"excerpt":{"rendered":"<p>I BKM Bergen er det 45 deltakere i det vi kaller seniorguppen. Her samles medlemmer i pensjonsalder til jevnlige treff og aktiviteter. I 2020 har dette naturlig nok blitt p\u00e5virket av smitteverntiltak, og treffene har v\u00e6rt b\u00e5de f\u00e6rre og annerledes dette \u00e5ret.&nbsp;&nbsp; En del av seniorene har m\u00f8ttes ukentlig for felles tur i friluft, mens sangkoret SilverSound har m\u00e5ttet ta en pause av hensyn til smittevern.&nbsp;&nbsp; Opprinnelig var det planlagt en h\u00f8sttur til Tyskland for denne gruppen, men da det ikke lot seg gjennomf\u00f8re ble det tilrettelagt for et lokalt alternativ. I oktober ble det arrangert en rundtur med overnatting\u2026<\/p>\n","protected":false},"author":5,"featured_media":0,"parent":0,"menu_order":0,"comment_status":"closed","ping_status":"closed","template":"","meta":[],"categories":[],"tags":[],"blocksy_meta":{"styles_descriptor":{"styles":{"desktop":"","tablet":"","mobile":""},"google_fonts":[],"version":5}},"_links":{"self":[{"href":"https:\/\/bkmbergen.no\/2020\/wp-json\/wp\/v2\/pages\/69"}],"collection":[{"href":"https:\/\/bkmbergen.no\/2020\/wp-json\/wp\/v2\/pages"}],"about":[{"href":"https:\/\/bkmbergen.no\/2020\/wp-json\/wp\/v2\/types\/page"}],"author":[{"embeddable":true,"href":"https:\/\/bkmbergen.no\/2020\/wp-json\/wp\/v2\/users\/5"}],"replies":[{"embeddable":true,"href":"https:\/\/bkmbergen.no\/2020\/wp-json\/wp\/v2\/comments?post=69"}],"version-history":[{"count":1,"href":"https:\/\/bkmbergen.no\/2020\/wp-json\/wp\/v2\/pages\/69\/revisions"}],"predecessor-version":[{"id":72,"href":"https:\/\/bkmbergen.no\/2020\/wp-json\/wp\/v2\/pages\/69\/revisions\/72"}],"wp:attachment":[{"href":"https:\/\/bkmbergen.no\/2020\/wp-json\/wp\/v2\/media?parent=69"}],"wp:term":[{"taxonomy":"category","embeddable":true,"href":"https:\/\/bkmbergen.no\/2020\/wp-json\/wp\/v2\/categories?post=69"},{"taxonomy":"post_tag","embeddable":true,"href":"https:\/\/bkmbergen.no\/2020\/wp-json\/wp\/v2\/tags?post=69"}],"curies":[{"name":"wp","href":"https:\/\/api.w.org\/{rel}","templated":true}]}}